{"id":1438,"date":"2022-09-17T10:50:46","date_gmt":"2022-09-17T08:50:46","guid":{"rendered":"https:\/\/www.lelli-architectes.com\/?page_id=1438"},"modified":"2022-10-26T14:12:43","modified_gmt":"2022-10-26T12:12:43","slug":"grigny-dedale","status":"publish","type":"page","link":"https:\/\/www.lelli-architectes.com\/index.php\/equipements\/grigny-dedale\/","title":{"rendered":"Grigny D\u00e9dale"},"content":{"rendered":"<div id=\"pl-1438\"  class=\"panel-layout\" ><div id=\"pg-1438-0\"  class=\"panel-grid panel-has-style\" ><div class=\"bandeau_titre panel-row-style panel-row-style-for-1438-0\" ><div id=\"pgc-1438-0-0\"  class=\"panel-grid-cell\" ><div id=\"panel-1438-0-0-0\" class=\"widget_text so-panel widget widget_custom_html panel-first-child panel-last-child\" data-index=\"0\" ><div class=\"widget_text titre-projet-c1 panel-widget-style panel-widget-style-for-1438-0-0-0\" ><div class=\"textwidget custom-html-widget\"><h1>Grigny | Groupe scolaire D\u00e9dale<\/h1><\/div><\/div><\/div><\/div><div id=\"pgc-1438-0-1\"  class=\"panel-grid-cell\" ><div id=\"panel-1438-0-1-0\" class=\"so-panel widget widget_sow-button panel-first-child panel-last-child\" data-index=\"1\" ><div\n\t\t\t\n\t\t\tclass=\"so-widget-sow-button so-widget-sow-button-flat-3462681f42ba-1438\"\n\t\t\t\n\t\t><div class=\"ow-button-base ow-button-align-left\"\n>\n\t\t\t<a\n\t\t\t\t\thref=\"https:\/\/www.lelli-architectes.com\/index.php\/equipements\/\"\n\t\t\t\t\tclass=\"sowb-button ow-icon-placement-left ow-button-hover\" \t>\n\t\t<span>\n\t\t\t<span class=\"sow-icon-fontawesome sow-far\" data-sow-icon=\"&#xf0a5;\"\n\t\tstyle=\"color: #ffffff\" \n\t\taria-hidden=\"true\"><\/span>\n\t\t\tRetour \u00e0 la liste des r\u00e9f\u00e9rences\t\t<\/span>\n\t\t\t<\/a>\n\t<\/div>\n<\/div><\/div><\/div><\/div><\/div><div id=\"pg-1438-1\"  class=\"panel-grid panel-no-style\" ><div id=\"pgc-1438-1-0\"  class=\"panel-grid-cell\" ><div id=\"panel-1438-1-0-0\" class=\"so-panel widget widget_sow-editor panel-first-child panel-last-child\" data-index=\"2\" ><div class=\"projet panel-widget-style panel-widget-style-for-1438-1-0-0\" ><div\n\t\t\t\n\t\t\tclass=\"so-widget-sow-editor so-widget-sow-editor-base\"\n\t\t\t\n\t\t>\n<div class=\"siteorigin-widget-tinymce textwidget\">\n\t<h6>CONCOURS<\/h6>\n<\/div>\n<\/div><\/div><\/div><\/div><\/div><div id=\"pg-1438-2\"  class=\"panel-grid panel-no-style\" ><div id=\"pgc-1438-2-0\"  class=\"panel-grid-cell\" ><div id=\"panel-1438-2-0-0\" class=\"so-panel widget widget_sow-editor panel-first-child panel-last-child\" data-index=\"3\" ><div class=\"projet panel-widget-style panel-widget-style-for-1438-2-0-0\" ><div\n\t\t\t\n\t\t\tclass=\"so-widget-sow-editor so-widget-sow-editor-base\"\n\t\t\t\n\t\t>\n<div class=\"siteorigin-widget-tinymce textwidget\">\n\t<h2>MISSION :<\/h2>\n<p>APS<\/p>\n<h2>MO\u00a0:<\/h2>\n<p>Ville de Grigny<\/p>\n<h2>LIEU :<\/h2>\n<p>Lieu-dit La Grande Borne<br \/>\n91 000 Grigny<\/p>\n<h2>SDP :<\/h2>\n<p>4 159 m\u00b2<\/p>\n<\/div>\n<\/div><\/div><\/div><\/div><div id=\"pgc-1438-2-1\"  class=\"panel-grid-cell\" ><div id=\"panel-1438-2-1-0\" class=\"so-panel widget widget_sow-editor panel-first-child\" data-index=\"4\" ><div\n\t\t\t\n\t\t\tclass=\"so-widget-sow-editor so-widget-sow-editor-base\"\n\t\t\t\n\t\t>\n<div class=\"siteorigin-widget-tinymce textwidget\">\n\t<p>Groupe scolaire constitu\u00e9 de 2 maternelles et 2 primaires pour un total de 30 classes.<br \/>\nOp\u00e9ration PRU, quartier de \"La grande Borne\".<br \/>\nLabel HQE recherch\u00e9.<br \/>\n\u00c9cole introvertie \u00e0 l'abri de fa\u00e7ades de b\u00e9ton blanc projet\u00e9 sur gabions.<\/p>\n<\/div>\n<\/div><\/div><div id=\"panel-1438-2-1-1\" class=\"widget_text so-panel widget widget_custom_html panel-last-child\" data-index=\"5\" ><div class=\"textwidget custom-html-widget\"><span class=\"rl-gallery-container rl-loading\" id=\"rl-gallery-container-1\" data-gallery_id=\"1437\"> <span class=\"rl-gallery rl-hidden-gallery rl-hidden-image \" id=\"rl-gallery-1\" data-gallery_no=\"1\"> <a href=\"https:\/\/www.lelli-architectes.com\/wp-content\/uploads\/2022\/09\/grigny-dedale-1.jpg\" class=\"gal rl-gallery-link\" title=\"\" data-rl_title=\"\" data-rl_caption=\"\" data-rel=\"lightbox-gallery-1\" data-magnific_type=\"gallery\"><img loading=\"lazy\" decoding=\"async\" src=\"https:\/\/www.lelli-architectes.com\/wp-content\/uploads\/2022\/09\/grigny-dedale-1-150x150.jpg\" width=\"150\" height=\"150\" alt=\"Lelli architectes\"\/><\/a><span class=\"rl-gallery-title\"><\/span> <a href=\"https:\/\/www.lelli-architectes.com\/wp-content\/uploads\/2022\/09\/grigny-dedale-2.jpg\" title=\"\" data-rl_title=\"\" class=\"rl-gallery-link\" data-rl_caption=\"\" data-rel=\"lightbox-gallery-1\" data-magnific_type=\"gallery\" style=\"display: none;\"><img loading=\"lazy\" decoding=\"async\" src=\"https:\/\/www.lelli-architectes.com\/wp-content\/uploads\/2022\/09\/grigny-dedale-2-150x150.jpg\" width=\"150\" height=\"150\" alt=\"Lelli architectes\"\/><\/a><a href=\"https:\/\/www.lelli-architectes.com\/wp-content\/uploads\/2022\/09\/grigny-dedale-3.jpg\" title=\"\" data-rl_title=\"\" class=\"rl-gallery-link\" data-rl_caption=\"\" data-rel=\"lightbox-gallery-1\" data-magnific_type=\"gallery\" style=\"display: none;\"><img loading=\"lazy\" decoding=\"async\" src=\"https:\/\/www.lelli-architectes.com\/wp-content\/uploads\/2022\/09\/grigny-dedale-3-150x150.jpg\" width=\"150\" height=\"150\" alt=\"Lelli architectes\"\/><\/a> <\/span> <\/span><\/div><\/div><\/div><\/div><div id=\"pg-1438-3\"  class=\"panel-grid panel-no-style\" ><div id=\"pgc-1438-3-0\"  class=\"panel-grid-cell panel-grid-cell-empty\" ><\/div><\/div><\/div>","protected":false},"excerpt":{"rendered":"<p>CONCOURS<\/p>\n","protected":false},"author":1,"featured_media":1436,"parent":775,"menu_order":18,"comment_status":"closed","ping_status":"closed","template":"","meta":{"footnotes":""},"class_list":["post-1438","page","type-page","status-publish","has-post-thumbnail","hentry","post"],"_links":{"self":[{"href":"https:\/\/www.lelli-architectes.com\/index.php\/wp-json\/wp\/v2\/pages\/1438","targetHints":{"allow":["GET"]}}],"collection":[{"href":"https:\/\/www.lelli-architectes.com\/index.php\/wp-json\/wp\/v2\/pages"}],"about":[{"href":"https:\/\/www.lelli-architectes.com\/index.php\/wp-json\/wp\/v2\/types\/page"}],"author":[{"embeddable":true,"href":"https:\/\/www.lelli-architectes.com\/index.php\/wp-json\/wp\/v2\/users\/1"}],"replies":[{"embeddable":true,"href":"https:\/\/www.lelli-architectes.com\/index.php\/wp-json\/wp\/v2\/comments?post=1438"}],"version-history":[{"count":7,"href":"https:\/\/www.lelli-architectes.com\/index.php\/wp-json\/wp\/v2\/pages\/1438\/revisions"}],"predecessor-version":[{"id":3074,"href":"https:\/\/www.lelli-architectes.com\/index.php\/wp-json\/wp\/v2\/pages\/1438\/revisions\/3074"}],"up":[{"embeddable":true,"href":"https:\/\/www.lelli-architectes.com\/index.php\/wp-json\/wp\/v2\/pages\/775"}],"wp:featuredmedia":[{"embeddable":true,"href":"https:\/\/www.lelli-architectes.com\/index.php\/wp-json\/wp\/v2\/media\/1436"}],"wp:attachment":[{"href":"https:\/\/www.lelli-architectes.com\/index.php\/wp-json\/wp\/v2\/media?parent=1438"}],"curies":[{"name":"wp","href":"https:\/\/api.w.org\/{rel}","templated":true}]}}

Grigny Dédale

<div id="pl-1438"  class="panel-layout" ><div id="pg-1438-0"  class="panel-grid panel-has-style" ><div class="bandeau_titre panel-row-style panel-row-style-for-1438-0" ><div id="pgc-1438-0-0"  class="panel-grid-cell" ><div id="panel-1438-0-0-0" class="widget_text so-panel widget widget_custom_html panel-first-child panel-last-child" data-index="0" ><div class="widget_text titre-projet-c1 panel-widget-style panel-widget-style-for-1438-0-0-0" ><div class="textwidget custom-html-widget"><h1>Grigny | Groupe scolaire Dédale</h1></div></div></div></div><div id="pgc-1438-0-1"  class="panel-grid-cell" ><div id="panel-1438-0-1-0" class="so-panel widget widget_sow-button panel-first-child panel-last-child" data-index="1" ><div
			
			class="so-widget-sow-button so-widget-sow-button-flat-3462681f42ba-1438"
			
		><div class="ow-button-base ow-button-align-left"
>
			<a
					href="https://www.lelli-architectes.com/index.php/equipements/"
					class="sowb-button ow-icon-placement-left ow-button-hover" 	>
		<span>
			<span class="sow-icon-fontawesome sow-far" data-sow-icon="&#xf0a5;"
		style="color: #ffffff" 
		aria-hidden="true"></span>
			Retour à la liste des références		</span>
			</a>
	</div>
</div></div></div></div></div><div id="pg-1438-1"  class="panel-grid panel-no-style" ><div id="pgc-1438-1-0"  class="panel-grid-cell" ><div id="panel-1438-1-0-0" class="so-panel widget widget_sow-editor panel-first-child panel-last-child" data-index="2" ><div class="projet panel-widget-style panel-widget-style-for-1438-1-0-0" ><div
			
			class="so-widget-sow-editor so-widget-sow-editor-base"
			
		>
<div class="siteorigin-widget-tinymce textwidget">
	<h6>CONCOURS</h6>
</div>
</div></div></div></div></div><div id="pg-1438-2"  class="panel-grid panel-no-style" ><div id="pgc-1438-2-0"  class="panel-grid-cell" ><div id="panel-1438-2-0-0" class="so-panel widget widget_sow-editor panel-first-child panel-last-child" data-index="3" ><div class="projet panel-widget-style panel-widget-style-for-1438-2-0-0" ><div
			
			class="so-widget-sow-editor so-widget-sow-editor-base"
			
		>
<div class="siteorigin-widget-tinymce textwidget">
	<h2>MISSION :</h2>
<p>APS</p>
<h2>MO :</h2>
<p>Ville de Grigny</p>
<h2>LIEU :</h2>
<p>Lieu-dit La Grande Borne<br />
91 000 Grigny</p>
<h2>SDP :</h2>
<p>4 159 m²</p>
</div>
</div></div></div></div><div id="pgc-1438-2-1"  class="panel-grid-cell" ><div id="panel-1438-2-1-0" class="so-panel widget widget_sow-editor panel-first-child" data-index="4" ><div
			
			class="so-widget-sow-editor so-widget-sow-editor-base"
			
		>
<div class="siteorigin-widget-tinymce textwidget">
	<p>Groupe scolaire constitué de 2 maternelles et 2 primaires pour un total de 30 classes.<br />
Opération PRU, quartier de "La grande Borne".<br />
Label HQE recherché.<br />
École introvertie à l'abri de façades de béton blanc projeté sur gabions.</p>
</div>
</div></div><div id="panel-1438-2-1-1" class="widget_text so-panel widget widget_custom_html panel-last-child" data-index="5" ><div class="textwidget custom-html-widget"><span class="rl-gallery-container rl-loading" id="rl-gallery-container-1" data-gallery_id="1437"> <span class="rl-gallery rl-hidden-gallery rl-hidden-image " id="rl-gallery-1" data-gallery_no="1"> <a href="https://www.lelli-architectes.com/wp-content/uploads/2022/09/grigny-dedale-1.jpg" class="gal rl-gallery-link" title="" data-rl_title="" data-rl_caption="" data-rel="lightbox-gallery-1" data-magnific_type="gallery"><img loading="lazy" decoding="async" src="https://www.lelli-architectes.com/wp-content/uploads/2022/09/grigny-dedale-1-150x150.jpg" width="150" height="150" alt="Lelli architectes"/></a><span class="rl-gallery-title"></span> <a href="https://www.lelli-architectes.com/wp-content/uploads/2022/09/grigny-dedale-2.jpg" title="" data-rl_title="" class="rl-gallery-link" data-rl_caption="" data-rel="lightbox-gallery-1" data-magnific_type="gallery" style="display: none;"><img loading="lazy" decoding="async" src="https://www.lelli-architectes.com/wp-content/uploads/2022/09/grigny-dedale-2-150x150.jpg" width="150" height="150" alt="Lelli architectes"/></a><a href="https://www.lelli-architectes.com/wp-content/uploads/2022/09/grigny-dedale-3.jpg" title="" data-rl_title="" class="rl-gallery-link" data-rl_caption="" data-rel="lightbox-gallery-1" data-magnific_type="gallery" style="display: none;"><img loading="lazy" decoding="async" src="https://www.lelli-architectes.com/wp-content/uploads/2022/09/grigny-dedale-3-150x150.jpg" width="150" height="150" alt="Lelli architectes"/></a> </span> </span></div></div></div></div><div id="pg-1438-3"  class="panel-grid panel-no-style" ><div id="pgc-1438-3-0"  class="panel-grid-cell panel-grid-cell-empty" ></div></div></div>
