{"id":2386,"date":"2022-10-11T17:40:24","date_gmt":"2022-10-11T15:40:24","guid":{"rendered":"https:\/\/www.lelli-architectes.com\/?page_id=2386"},"modified":"2022-10-26T14:15:37","modified_gmt":"2022-10-26T12:15:37","slug":"ris-orangis","status":"publish","type":"page","link":"https:\/\/www.lelli-architectes.com\/index.php\/logements\/ris-orangis\/","title":{"rendered":"Ris-Orangis"},"content":{"rendered":"<div id=\"pl-2386\"  class=\"panel-layout\" ><div id=\"pg-2386-0\"  class=\"panel-grid panel-has-style\" ><div class=\"bandeau_titre panel-row-style panel-row-style-for-2386-0\" ><div id=\"pgc-2386-0-0\"  class=\"panel-grid-cell\" ><div id=\"panel-2386-0-0-0\" class=\"widget_text so-panel widget widget_custom_html panel-first-child panel-last-child\" data-index=\"0\" ><div class=\"widget_text titre-projet-c1 panel-widget-style panel-widget-style-for-2386-0-0-0\" ><div class=\"textwidget custom-html-widget\"><h1>Ris-Orangis | R\u00e9habilitation de 80 logements en site occup\u00e9<\/h1><\/div><\/div><\/div><\/div><div id=\"pgc-2386-0-1\"  class=\"panel-grid-cell\" ><div id=\"panel-2386-0-1-0\" class=\"so-panel widget widget_sow-button panel-first-child panel-last-child\" data-index=\"1\" ><div\n\t\t\t\n\t\t\tclass=\"so-widget-sow-button so-widget-sow-button-flat-3462681f42ba-2386\"\n\t\t\t\n\t\t><div class=\"ow-button-base ow-button-align-left\"\n>\n\t\t\t<a\n\t\t\t\t\thref=\"https:\/\/www.lelli-architectes.com\/index.php\/logements\/\"\n\t\t\t\t\tclass=\"sowb-button ow-icon-placement-left ow-button-hover\" \t>\n\t\t<span>\n\t\t\t<span class=\"sow-icon-fontawesome sow-far\" data-sow-icon=\"&#xf0a5;\"\n\t\tstyle=\"color: #ffffff\" \n\t\taria-hidden=\"true\"><\/span>\n\t\t\tRetour \u00e0 la liste des r\u00e9f\u00e9rences\t\t<\/span>\n\t\t\t<\/a>\n\t<\/div>\n<\/div><\/div><\/div><\/div><\/div><div id=\"pg-2386-1\"  class=\"panel-grid panel-no-style\" ><div id=\"pgc-2386-1-0\"  class=\"panel-grid-cell\" ><div id=\"panel-2386-1-0-0\" class=\"so-panel widget widget_sow-editor panel-first-child panel-last-child\" data-index=\"2\" ><div class=\"projet panel-widget-style panel-widget-style-for-2386-1-0-0\" ><div\n\t\t\t\n\t\t\tclass=\"so-widget-sow-editor so-widget-sow-editor-base\"\n\t\t\t\n\t\t>\n<div class=\"siteorigin-widget-tinymce textwidget\">\n\t<h6>R\u00c9ALIS\u00c9<\/h6>\n<\/div>\n<\/div><\/div><\/div><\/div><\/div><div id=\"pg-2386-2\"  class=\"panel-grid panel-no-style\" ><div id=\"pgc-2386-2-0\"  class=\"panel-grid-cell\" ><div id=\"panel-2386-2-0-0\" class=\"so-panel widget widget_sow-editor panel-first-child panel-last-child\" data-index=\"3\" ><div class=\"projet panel-widget-style panel-widget-style-for-2386-2-0-0\" ><div\n\t\t\t\n\t\t\tclass=\"so-widget-sow-editor so-widget-sow-editor-base\"\n\t\t\t\n\t\t>\n<div class=\"siteorigin-widget-tinymce textwidget\">\n\t<h2>MISSION :<\/h2>\n<p>MOP Base<\/p>\n<h2>MO\u00a0:<\/h2>\n<p>Essone Habitat<\/p>\n<h2>LIEU :<\/h2>\n<p>91130 Ris-Orangis<\/p>\n<h2>TRAVAUX :<\/h2>\n<p>1 350 000 \u20acHT<\/p>\n<\/div>\n<\/div><\/div><\/div><\/div><div id=\"pgc-2386-2-1\"  class=\"panel-grid-cell\" ><div id=\"panel-2386-2-1-0\" class=\"so-panel widget widget_sow-editor panel-first-child\" data-index=\"4\" ><div\n\t\t\t\n\t\t\tclass=\"so-widget-sow-editor so-widget-sow-editor-base\"\n\t\t\t\n\t\t>\n<div class=\"siteorigin-widget-tinymce textwidget\">\n\t<p>Isolation de 2 b\u00e2timents.<br \/>\nFa\u00e7ades en pierres meuli\u00e8res et entourage de baies b\u00e9ton.<br \/>\nBardage et \u00e9vocation des entourages de baies pr\u00e9existantes.<br \/>\nReconstitution des contre murs avec pierre coll\u00e9e (demande des habitants pour la m\u00e9moire des b\u00e2timents).<br \/>\nR\u00e9fection des terrasses.<br \/>\nCr\u00e9ation VMC.<br \/>\nLogements VMC prise d\u2019air et bouches extraction et mise au normes \u00e9lectricit\u00e9.<\/p>\n<\/div>\n<\/div><\/div><div id=\"panel-2386-2-1-1\" class=\"widget_text so-panel widget widget_custom_html panel-last-child\" data-index=\"5\" ><div class=\"textwidget custom-html-widget\"><span class=\"rl-gallery-container rl-loading\" id=\"rl-gallery-container-1\" data-gallery_id=\"1981\"> <span class=\"rl-gallery rl-hidden-gallery rl-hidden-image \" id=\"rl-gallery-1\" data-gallery_no=\"1\"> <a href=\"https:\/\/www.lelli-architectes.com\/wp-content\/uploads\/2022\/10\/2021-07-19-284841_DSC3865.jpg\" class=\"gal rl-gallery-link\" title=\"\" data-rl_title=\"\" data-rl_caption=\"\" data-rel=\"lightbox-gallery-1\" data-magnific_type=\"gallery\"><img loading=\"lazy\" decoding=\"async\" src=\"https:\/\/www.lelli-architectes.com\/wp-content\/uploads\/2022\/10\/2021-07-19-284841_DSC3865-150x150.jpg\" width=\"150\" height=\"150\" alt=\"Lelli architectes\"\/><\/a><span class=\"rl-gallery-title\"><\/span> <a href=\"https:\/\/www.lelli-architectes.com\/wp-content\/uploads\/2022\/10\/2021-07-19-284781_DSC3805.jpg\" title=\"\" data-rl_title=\"\" class=\"rl-gallery-link\" data-rl_caption=\"\" data-rel=\"lightbox-gallery-1\" data-magnific_type=\"gallery\" style=\"display: none;\"><img loading=\"lazy\" decoding=\"async\" src=\"https:\/\/www.lelli-architectes.com\/wp-content\/uploads\/2022\/10\/2021-07-19-284781_DSC3805-150x150.jpg\" width=\"150\" height=\"150\" alt=\"Lelli architectes\"\/><\/a><a href=\"https:\/\/www.lelli-architectes.com\/wp-content\/uploads\/2022\/10\/RIS-pers-1.jpg\" title=\"\" data-rl_title=\"\" class=\"rl-gallery-link\" data-rl_caption=\"\" data-rel=\"lightbox-gallery-1\" data-magnific_type=\"gallery\" style=\"display: none;\"><img loading=\"lazy\" decoding=\"async\" src=\"https:\/\/www.lelli-architectes.com\/wp-content\/uploads\/2022\/10\/RIS-pers-1-150x150.jpg\" width=\"150\" height=\"150\" alt=\"Lelli architectes\"\/><\/a><a href=\"https:\/\/www.lelli-architectes.com\/wp-content\/uploads\/2022\/10\/2021-07-19-284813_DSC3837.jpg\" title=\"\" data-rl_title=\"\" class=\"rl-gallery-link\" data-rl_caption=\"\" data-rel=\"lightbox-gallery-1\" data-magnific_type=\"gallery\" style=\"display: none;\"><img loading=\"lazy\" decoding=\"async\" src=\"https:\/\/www.lelli-architectes.com\/wp-content\/uploads\/2022\/10\/2021-07-19-284813_DSC3837-150x150.jpg\" width=\"150\" height=\"150\" alt=\"Lelli architectes\"\/><\/a><a href=\"https:\/\/www.lelli-architectes.com\/wp-content\/uploads\/2022\/10\/2021-07-19-284786_DSC3810.jpg\" title=\"\" data-rl_title=\"\" class=\"rl-gallery-link\" data-rl_caption=\"\" data-rel=\"lightbox-gallery-1\" data-magnific_type=\"gallery\" style=\"display: none;\"><img loading=\"lazy\" decoding=\"async\" src=\"https:\/\/www.lelli-architectes.com\/wp-content\/uploads\/2022\/10\/2021-07-19-284786_DSC3810-150x150.jpg\" width=\"150\" height=\"150\" alt=\"Lelli architectes\"\/><\/a><a href=\"https:\/\/www.lelli-architectes.com\/wp-content\/uploads\/2022\/10\/2021-07-19-284794_DSC3818.jpg\" title=\"\" data-rl_title=\"\" class=\"rl-gallery-link\" data-rl_caption=\"\" data-rel=\"lightbox-gallery-1\" data-magnific_type=\"gallery\" style=\"display: none;\"><img loading=\"lazy\" decoding=\"async\" src=\"https:\/\/www.lelli-architectes.com\/wp-content\/uploads\/2022\/10\/2021-07-19-284794_DSC3818-150x150.jpg\" width=\"150\" height=\"150\" alt=\"Lelli architectes\"\/><\/a><a href=\"https:\/\/www.lelli-architectes.com\/wp-content\/uploads\/2022\/10\/2021-07-19-284797_DSC3821.jpg\" title=\"\" data-rl_title=\"\" class=\"rl-gallery-link\" data-rl_caption=\"\" data-rel=\"lightbox-gallery-1\" data-magnific_type=\"gallery\" style=\"display: none;\"><img loading=\"lazy\" decoding=\"async\" src=\"https:\/\/www.lelli-architectes.com\/wp-content\/uploads\/2022\/10\/2021-07-19-284797_DSC3821-150x150.jpg\" width=\"150\" height=\"150\" alt=\"Lelli architectes\"\/><\/a><a href=\"https:\/\/www.lelli-architectes.com\/wp-content\/uploads\/2022\/10\/2021-07-19-284822_DSC3846.jpg\" title=\"\" data-rl_title=\"\" class=\"rl-gallery-link\" data-rl_caption=\"\" data-rel=\"lightbox-gallery-1\" data-magnific_type=\"gallery\" style=\"display: none;\"><img loading=\"lazy\" decoding=\"async\" src=\"https:\/\/www.lelli-architectes.com\/wp-content\/uploads\/2022\/10\/2021-07-19-284822_DSC3846-150x150.jpg\" width=\"150\" height=\"150\" alt=\"Lelli architectes\"\/><\/a><a href=\"https:\/\/www.lelli-architectes.com\/wp-content\/uploads\/2022\/10\/2021-07-19-284716_DSC2336.jpg\" title=\"\" data-rl_title=\"\" class=\"rl-gallery-link\" data-rl_caption=\"\" data-rel=\"lightbox-gallery-1\" data-magnific_type=\"gallery\" style=\"display: none;\"><img loading=\"lazy\" decoding=\"async\" src=\"https:\/\/www.lelli-architectes.com\/wp-content\/uploads\/2022\/10\/2021-07-19-284716_DSC2336-150x150.jpg\" width=\"150\" height=\"150\" alt=\"Lelli architectes\"\/><\/a> <\/span> <\/span><\/div><\/div><\/div><\/div><div id=\"pg-2386-3\"  class=\"panel-grid panel-no-style\" ><div id=\"pgc-2386-3-0\"  class=\"panel-grid-cell panel-grid-cell-empty\" ><\/div><\/div><\/div>","protected":false},"excerpt":{"rendered":"<p>R\u00c9ALIS\u00c9<\/p>\n","protected":false},"author":1,"featured_media":1980,"parent":815,"menu_order":2,"comment_status":"closed","ping_status":"closed","template":"","meta":{"footnotes":""},"class_list":["post-2386","page","type-page","status-publish","has-post-thumbnail","hentry","post"],"_links":{"self":[{"href":"https:\/\/www.lelli-architectes.com\/index.php\/wp-json\/wp\/v2\/pages\/2386","targetHints":{"allow":["GET"]}}],"collection":[{"href":"https:\/\/www.lelli-architectes.com\/index.php\/wp-json\/wp\/v2\/pages"}],"about":[{"href":"https:\/\/www.lelli-architectes.com\/index.php\/wp-json\/wp\/v2\/types\/page"}],"author":[{"embeddable":true,"href":"https:\/\/www.lelli-architectes.com\/index.php\/wp-json\/wp\/v2\/users\/1"}],"replies":[{"embeddable":true,"href":"https:\/\/www.lelli-architectes.com\/index.php\/wp-json\/wp\/v2\/comments?post=2386"}],"version-history":[{"count":9,"href":"https:\/\/www.lelli-architectes.com\/index.php\/wp-json\/wp\/v2\/pages\/2386\/revisions"}],"predecessor-version":[{"id":3082,"href":"https:\/\/www.lelli-architectes.com\/index.php\/wp-json\/wp\/v2\/pages\/2386\/revisions\/3082"}],"up":[{"embeddable":true,"href":"https:\/\/www.lelli-architectes.com\/index.php\/wp-json\/wp\/v2\/pages\/815"}],"wp:featuredmedia":[{"embeddable":true,"href":"https:\/\/www.lelli-architectes.com\/index.php\/wp-json\/wp\/v2\/media\/1980"}],"wp:attachment":[{"href":"https:\/\/www.lelli-architectes.com\/index.php\/wp-json\/wp\/v2\/media?parent=2386"}],"curies":[{"name":"wp","href":"https:\/\/api.w.org\/{rel}","templated":true}]}}

<div id="pl-2386"  class="panel-layout" ><div id="pg-2386-0"  class="panel-grid panel-has-style" ><div class="bandeau_titre panel-row-style panel-row-style-for-2386-0" ><div id="pgc-2386-0-0"  class="panel-grid-cell" ><div id="panel-2386-0-0-0" class="widget_text so-panel widget widget_custom_html panel-first-child panel-last-child" data-index="0" ><div class="widget_text titre-projet-c1 panel-widget-style panel-widget-style-for-2386-0-0-0" ><div class="textwidget custom-html-widget"><h1>Ris-Orangis | Réhabilitation de 80 logements en site occupé</h1></div></div></div></div><div id="pgc-2386-0-1"  class="panel-grid-cell" ><div id="panel-2386-0-1-0" class="so-panel widget widget_sow-button panel-first-child panel-last-child" data-index="1" ><div
			
			class="so-widget-sow-button so-widget-sow-button-flat-3462681f42ba-2386"
			
		><div class="ow-button-base ow-button-align-left"
>
			<a
					href="https://www.lelli-architectes.com/index.php/logements/"
					class="sowb-button ow-icon-placement-left ow-button-hover" 	>
		<span>
			<span class="sow-icon-fontawesome sow-far" data-sow-icon="&#xf0a5;"
		style="color: #ffffff" 
		aria-hidden="true"></span>
			Retour à la liste des références		</span>
			</a>
	</div>
</div></div></div></div></div><div id="pg-2386-1"  class="panel-grid panel-no-style" ><div id="pgc-2386-1-0"  class="panel-grid-cell" ><div id="panel-2386-1-0-0" class="so-panel widget widget_sow-editor panel-first-child panel-last-child" data-index="2" ><div class="projet panel-widget-style panel-widget-style-for-2386-1-0-0" ><div
			
			class="so-widget-sow-editor so-widget-sow-editor-base"
			
		>
<div class="siteorigin-widget-tinymce textwidget">
	<h6>RÉALISÉ</h6>
</div>
</div></div></div></div></div><div id="pg-2386-2"  class="panel-grid panel-no-style" ><div id="pgc-2386-2-0"  class="panel-grid-cell" ><div id="panel-2386-2-0-0" class="so-panel widget widget_sow-editor panel-first-child panel-last-child" data-index="3" ><div class="projet panel-widget-style panel-widget-style-for-2386-2-0-0" ><div
			
			class="so-widget-sow-editor so-widget-sow-editor-base"
			
		>
<div class="siteorigin-widget-tinymce textwidget">
	<h2>MISSION :</h2>
<p>MOP Base</p>
<h2>MO :</h2>
<p>Essone Habitat</p>
<h2>LIEU :</h2>
<p>91130 Ris-Orangis</p>
<h2>TRAVAUX :</h2>
<p>1 350 000 €HT</p>
</div>
</div></div></div></div><div id="pgc-2386-2-1"  class="panel-grid-cell" ><div id="panel-2386-2-1-0" class="so-panel widget widget_sow-editor panel-first-child" data-index="4" ><div
			
			class="so-widget-sow-editor so-widget-sow-editor-base"
			
		>
<div class="siteorigin-widget-tinymce textwidget">
	<p>Isolation de 2 bâtiments.<br />
Façades en pierres meulières et entourage de baies béton.<br />
Bardage et évocation des entourages de baies préexistantes.<br />
Reconstitution des contre murs avec pierre collée (demande des habitants pour la mémoire des bâtiments).<br />
Réfection des terrasses.<br />
Création VMC.<br />
Logements VMC prise d’air et bouches extraction et mise au normes électricité.</p>
</div>
</div></div><div id="panel-2386-2-1-1" class="widget_text so-panel widget widget_custom_html panel-last-child" data-index="5" ><div class="textwidget custom-html-widget"><span class="rl-gallery-container rl-loading" id="rl-gallery-container-1" data-gallery_id="1981"> <span class="rl-gallery rl-hidden-gallery rl-hidden-image " id="rl-gallery-1" data-gallery_no="1"> <a href="https://www.lelli-architectes.com/wp-content/uploads/2022/10/2021-07-19-284841_DSC3865.jpg" class="gal rl-gallery-link" title="" data-rl_title="" data-rl_caption="" data-rel="lightbox-gallery-1" data-magnific_type="gallery"><img loading="lazy" decoding="async" src="https://www.lelli-architectes.com/wp-content/uploads/2022/10/2021-07-19-284841_DSC3865-150x150.jpg" width="150" height="150" alt="Lelli architectes"/></a><span class="rl-gallery-title"></span> <a href="https://www.lelli-architectes.com/wp-content/uploads/2022/10/2021-07-19-284781_DSC3805.jpg" title="" data-rl_title="" class="rl-gallery-link" data-rl_caption="" data-rel="lightbox-gallery-1" data-magnific_type="gallery" style="display: none;"><img loading="lazy" decoding="async" src="https://www.lelli-architectes.com/wp-content/uploads/2022/10/2021-07-19-284781_DSC3805-150x150.jpg" width="150" height="150" alt="Lelli architectes"/></a><a href="https://www.lelli-architectes.com/wp-content/uploads/2022/10/RIS-pers-1.jpg" title="" data-rl_title="" class="rl-gallery-link" data-rl_caption="" data-rel="lightbox-gallery-1" data-magnific_type="gallery" style="display: none;"><img loading="lazy" decoding="async" src="https://www.lelli-architectes.com/wp-content/uploads/2022/10/RIS-pers-1-150x150.jpg" width="150" height="150" alt="Lelli architectes"/></a><a href="https://www.lelli-architectes.com/wp-content/uploads/2022/10/2021-07-19-284813_DSC3837.jpg" title="" data-rl_title="" class="rl-gallery-link" data-rl_caption="" data-rel="lightbox-gallery-1" data-magnific_type="gallery" style="display: none;"><img loading="lazy" decoding="async" src="https://www.lelli-architectes.com/wp-content/uploads/2022/10/2021-07-19-284813_DSC3837-150x150.jpg" width="150" height="150" alt="Lelli architectes"/></a><a href="https://www.lelli-architectes.com/wp-content/uploads/2022/10/2021-07-19-284786_DSC3810.jpg" title="" data-rl_title="" class="rl-gallery-link" data-rl_caption="" data-rel="lightbox-gallery-1" data-magnific_type="gallery" style="display: none;"><img loading="lazy" decoding="async" src="https://www.lelli-architectes.com/wp-content/uploads/2022/10/2021-07-19-284786_DSC3810-150x150.jpg" width="150" height="150" alt="Lelli architectes"/></a><a href="https://www.lelli-architectes.com/wp-content/uploads/2022/10/2021-07-19-284794_DSC3818.jpg" title="" data-rl_title="" class="rl-gallery-link" data-rl_caption="" data-rel="lightbox-gallery-1" data-magnific_type="gallery" style="display: none;"><img loading="lazy" decoding="async" src="https://www.lelli-architectes.com/wp-content/uploads/2022/10/2021-07-19-284794_DSC3818-150x150.jpg" width="150" height="150" alt="Lelli architectes"/></a><a href="https://www.lelli-architectes.com/wp-content/uploads/2022/10/2021-07-19-284797_DSC3821.jpg" title="" data-rl_title="" class="rl-gallery-link" data-rl_caption="" data-rel="lightbox-gallery-1" data-magnific_type="gallery" style="display: none;"><img loading="lazy" decoding="async" src="https://www.lelli-architectes.com/wp-content/uploads/2022/10/2021-07-19-284797_DSC3821-150x150.jpg" width="150" height="150" alt="Lelli architectes"/></a><a href="https://www.lelli-architectes.com/wp-content/uploads/2022/10/2021-07-19-284822_DSC3846.jpg" title="" data-rl_title="" class="rl-gallery-link" data-rl_caption="" data-rel="lightbox-gallery-1" data-magnific_type="gallery" style="display: none;"><img loading="lazy" decoding="async" src="https://www.lelli-architectes.com/wp-content/uploads/2022/10/2021-07-19-284822_DSC3846-150x150.jpg" width="150" height="150" alt="Lelli architectes"/></a><a href="https://www.lelli-architectes.com/wp-content/uploads/2022/10/2021-07-19-284716_DSC2336.jpg" title="" data-rl_title="" class="rl-gallery-link" data-rl_caption="" data-rel="lightbox-gallery-1" data-magnific_type="gallery" style="display: none;"><img loading="lazy" decoding="async" src="https://www.lelli-architectes.com/wp-content/uploads/2022/10/2021-07-19-284716_DSC2336-150x150.jpg" width="150" height="150" alt="Lelli architectes"/></a> </span> </span></div></div></div></div><div id="pg-2386-3"  class="panel-grid panel-no-style" ><div id="pgc-2386-3-0"  class="panel-grid-cell panel-grid-cell-empty" ></div></div></div>

<p>RÉALISÉ</p>
